{"id":70,"date":"2025-05-28T22:01:34","date_gmt":"2025-05-28T22:01:34","guid":{"rendered":"https:\/\/sev.cl\/?page_id=70"},"modified":"2026-03-14T20:18:08","modified_gmt":"2026-03-14T20:18:08","slug":"actividades-y-noticias","status":"publish","type":"page","link":"https:\/\/sev.cl\/index.php\/actividades-y-noticias\/","title":{"rendered":"Actividades y Noticias"},"content":{"rendered":"<ul class=\"wp-block-latest-posts__list wp-block-latest-posts\"><li><div class=\"wp-block-latest-posts__featured-image\"><img loading=\"lazy\" decoding=\"async\" width=\"150\" height=\"150\" src=\"https:\/\/sev.cl\/wp-content\/uploads\/2025\/05\/WhatsApp-Image-2025-07-24-at-10.04.50-150x150.jpeg\" class=\"attachment-thumbnail size-thumbnail wp-post-image\" alt=\"\" style=\"\" srcset=\"https:\/\/sev.cl\/wp-content\/uploads\/2025\/05\/WhatsApp-Image-2025-07-24-at-10.04.50-150x150.jpeg 150w, https:\/\/sev.cl\/wp-content\/uploads\/2025\/05\/WhatsApp-Image-2025-07-24-at-10.04.50-300x300.jpeg 300w, https:\/\/sev.cl\/wp-content\/uploads\/2025\/05\/WhatsApp-Image-2025-07-24-at-10.04.50-100x100.jpeg 100w\" sizes=\"auto, (max-width: 150px) 100vw, 150px\" \/><\/div><a class=\"wp-block-latest-posts__post-title\" href=\"https:\/\/sev.cl\/index.php\/2025\/07\/28\/reunion-28-de-julio\/\">Reuni\u00f3n 28 de Julio<\/a><div class=\"wp-block-latest-posts__post-full-content\"><!-- wp:paragraph -->\n<p>El 28 de julio, se realiz\u00f3 una nueva edici\u00f3n de la reuni\u00f3n mensual, donde asistieron profesionales y residentes interesados en explorar los \u00faltimos avances en el tratamiento del dolor agudo en endodoncia.<\/p>\n<!-- \/wp:paragraph -->\n\n<!-- wp:paragraph -->\n<p>La jornada estuvo a cargo de la Dra. Priscilla Ledezma, quien dict\u00f3 una charla titulada <strong>\u201cSistema neuromodulador cerebral con latidos binaurales para el tratamiento del dolor endod\u00f3ntico agudo\u201d<\/strong>, compartiendo sus conocimientos sobre innovadoras t\u00e9cnicas de manejo del dolor utilizando sonidos binaurales.<\/p>\n<!-- \/wp:paragraph -->\n\n<!-- wp:paragraph -->\n<p>El encuentro se celebr\u00f3 en el Centro SAVAL en Vi\u00f1a del Mar, generando un ambiente de intercambio de conocimientos y actualizaci\u00f3n cient\u00edfica. \u00a1Agradecemos a la Dra. Ledezma y a todos los asistentes por su valiosa participaci\u00f3n!<\/p>\n<!-- \/wp:paragraph --><\/div><\/li>\n<li><div class=\"wp-block-latest-posts__featured-image\"><img loading=\"lazy\" decoding=\"async\" width=\"150\" height=\"150\" src=\"https:\/\/sev.cl\/wp-content\/uploads\/2025\/07\/Post-de-Instagram-Evento-Formacion-Moderno-Beige-y-Verde-3-150x150.png\" class=\"attachment-thumbnail size-thumbnail wp-post-image\" alt=\"\" style=\"\" \/><\/div><a class=\"wp-block-latest-posts__post-title\" href=\"https:\/\/sev.cl\/index.php\/2025\/06\/30\/reunion-30-de-junio\/\">Reuni\u00f3n 30 de Junio<\/a><div class=\"wp-block-latest-posts__post-full-content\"><!-- wp:paragraph -->\n<p>El pasado 30 de junio se desarroll\u00f3 una nueva reuni\u00f3n mensual de la Sociedad de Endodoncia de Valpara\u00edso, en la que se dieron cita colegas y residentes para profundizar en los avances actuales en instrumentaci\u00f3n endod\u00f3ntica.<\/p>\n<!-- \/wp:paragraph -->\n\n<!-- wp:paragraph -->\n<p>La jornada estuvo a cargo de la Dra. Constanza Osorio, quien dict\u00f3 el workshop FKG titulado <strong>\u201cLa evoluci\u00f3n natural de la instrumentaci\u00f3n endod\u00f3ntica\u201d<\/strong>, compartiendo su visi\u00f3n cl\u00ednica y experiencia con sistemas modernos de preparaci\u00f3n radicular.<\/p>\n<!-- \/wp:paragraph -->\n\n<!-- wp:paragraph -->\n<p>El encuentro se llev\u00f3 a cabo en Vi\u00f1a del Mar, generando un ambiente de di\u00e1logo y actualizaci\u00f3n continua. Agradecemos a todos los asistentes por su participaci\u00f3n activa y a Mayor Dent y CCDental por su valioso respaldo a esta actividad formativa.<\/p>\n<!-- \/wp:paragraph --><\/div><\/li>\n<li><div class=\"wp-block-latest-posts__featured-image\"><img loading=\"lazy\" decoding=\"async\" width=\"150\" height=\"150\" src=\"https:\/\/sev.cl\/wp-content\/uploads\/2025\/05\/Post-Endo-Worshop-Excalibur-PAG-2-150x150.png\" class=\"attachment-thumbnail size-thumbnail wp-post-image\" alt=\"\" style=\"\" \/><\/div><a class=\"wp-block-latest-posts__post-title\" href=\"https:\/\/sev.cl\/index.php\/2025\/05\/26\/reunion-26-de-mayo\/\">Reuni\u00f3n 26 de Mayo<\/a><div class=\"wp-block-latest-posts__post-full-content\"><!-- wp:paragraph -->\n<p>El pasado <strong>26 de mayo<\/strong>, se llev\u00f3 a cabo una nueva <strong>reuni\u00f3n mensual de la SEV<\/strong>, instancia que convoc\u00f3 a colegas y residentes para profundizar en las \u00faltimas innovaciones en la preparaci\u00f3n de conductos radiculares. En esta ocasi\u00f3n, tuvimos el privilegio de contar con la participaci\u00f3n del <strong>Dr. Pedro Alarc\u00f3n<\/strong>, quien lider\u00f3 el <strong>Workshop Zarc Excalibur<\/strong>.<\/p>\n<!-- \/wp:paragraph -->\n\n<!-- wp:paragraph -->\n<p>Durante la actividad, realizada en el centro SAVAL, el Dr. Alarc\u00f3n comparti\u00f3 su experiencia cl\u00ednica y fundamentos t\u00e9cnicos sobre el sistema <strong>Zarc Excalibur<\/strong>, un sistema de limas reciprocantes.<\/p>\n<!-- \/wp:paragraph -->\n\n<!-- wp:paragraph -->\n<p>La jornada incluy\u00f3 una parte te\u00f3rica y una demostraci\u00f3n cl\u00ednica, generando un espacio enriquecedor de aprendizaje e intercambio entre colegas. Adem\u00e1s, agradecemos a <strong>CCDental<\/strong> por su auspicio y colaboraci\u00f3n en la realizaci\u00f3n de este evento.<\/p>\n<!-- \/wp:paragraph --><\/div><\/li>\n<\/ul>","protected":false},"excerpt":{"rendered":"","protected":false},"author":1,"featured_media":0,"parent":0,"menu_order":0,"comment_status":"closed","ping_status":"closed","template":"","meta":{"_eb_attr":"","footnotes":""},"class_list":["post-70","page","type-page","status-publish","hentry"],"_links":{"self":[{"href":"https:\/\/sev.cl\/index.php\/wp-json\/wp\/v2\/pages\/70","targetHints":{"allow":["GET"]}}],"collection":[{"href":"https:\/\/sev.cl\/index.php\/wp-json\/wp\/v2\/pages"}],"about":[{"href":"https:\/\/sev.cl\/index.php\/wp-json\/wp\/v2\/types\/page"}],"author":[{"embeddable":true,"href":"https:\/\/sev.cl\/index.php\/wp-json\/wp\/v2\/users\/1"}],"replies":[{"embeddable":true,"href":"https:\/\/sev.cl\/index.php\/wp-json\/wp\/v2\/comments?post=70"}],"version-history":[{"count":5,"href":"https:\/\/sev.cl\/index.php\/wp-json\/wp\/v2\/pages\/70\/revisions"}],"predecessor-version":[{"id":423,"href":"https:\/\/sev.cl\/index.php\/wp-json\/wp\/v2\/pages\/70\/revisions\/423"}],"wp:attachment":[{"href":"https:\/\/sev.cl\/index.php\/wp-json\/wp\/v2\/media?parent=70"}],"curies":[{"name":"wp","href":"https:\/\/api.w.org\/{rel}","templated":true}]}}

<ul class="wp-block-latest-posts__list wp-block-latest-posts"><li><div class="wp-block-latest-posts__featured-image"><img loading="lazy" decoding="async" width="150" height="150" src="https://sev.cl/wp-content/uploads/2025/05/WhatsApp-Image-2025-07-24-at-10.04.50-150x150.jpeg" class="attachment-thumbnail size-thumbnail wp-post-image" alt="" style="" srcset="https://sev.cl/wp-content/uploads/2025/05/WhatsApp-Image-2025-07-24-at-10.04.50-150x150.jpeg 150w, https://sev.cl/wp-content/uploads/2025/05/WhatsApp-Image-2025-07-24-at-10.04.50-300x300.jpeg 300w, https://sev.cl/wp-content/uploads/2025/05/WhatsApp-Image-2025-07-24-at-10.04.50-100x100.jpeg 100w" sizes="auto, (max-width: 150px) 100vw, 150px" /></div><a class="wp-block-latest-posts__post-title" href="https://sev.cl/index.php/2025/07/28/reunion-28-de-julio/">Reunión 28 de Julio</a><div class="wp-block-latest-posts__post-full-content"><!-- wp:paragraph -->
<p>El 28 de julio, se realizó una nueva edición de la reunión mensual, donde asistieron profesionales y residentes interesados en explorar los últimos avances en el tratamiento del dolor agudo en endodoncia.</p>
<!-- /wp:paragraph -->

<!-- wp:paragraph -->
<p>La jornada estuvo a cargo de la Dra. Priscilla Ledezma, quien dictó una charla titulada <strong>“Sistema neuromodulador cerebral con latidos binaurales para el tratamiento del dolor endodóntico agudo”</strong>, compartiendo sus conocimientos sobre innovadoras técnicas de manejo del dolor utilizando sonidos binaurales.</p>
<!-- /wp:paragraph -->

<!-- wp:paragraph -->
<p>El encuentro se celebró en el Centro SAVAL en Viña del Mar, generando un ambiente de intercambio de conocimientos y actualización científica. ¡Agradecemos a la Dra. Ledezma y a todos los asistentes por su valiosa participación!</p>
<!-- /wp:paragraph --></div></li>
<li><div class="wp-block-latest-posts__featured-image"><img loading="lazy" decoding="async" width="150" height="150" src="https://sev.cl/wp-content/uploads/2025/07/Post-de-Instagram-Evento-Formacion-Moderno-Beige-y-Verde-3-150x150.png" class="attachment-thumbnail size-thumbnail wp-post-image" alt="" style="" /></div><a class="wp-block-latest-posts__post-title" href="https://sev.cl/index.php/2025/06/30/reunion-30-de-junio/">Reunión 30 de Junio</a><div class="wp-block-latest-posts__post-full-content"><!-- wp:paragraph -->
<p>El pasado 30 de junio se desarrolló una nueva reunión mensual de la Sociedad de Endodoncia de Valparaíso, en la que se dieron cita colegas y residentes para profundizar en los avances actuales en instrumentación endodóntica.</p>
<!-- /wp:paragraph -->

<!-- wp:paragraph -->
<p>La jornada estuvo a cargo de la Dra. Constanza Osorio, quien dictó el workshop FKG titulado <strong>“La evolución natural de la instrumentación endodóntica”</strong>, compartiendo su visión clínica y experiencia con sistemas modernos de preparación radicular.</p>
<!-- /wp:paragraph -->

<!-- wp:paragraph -->
<p>El encuentro se llevó a cabo en Viña del Mar, generando un ambiente de diálogo y actualización continua. Agradecemos a todos los asistentes por su participación activa y a Mayor Dent y CCDental por su valioso respaldo a esta actividad formativa.</p>
<!-- /wp:paragraph --></div></li>
<li><div class="wp-block-latest-posts__featured-image"><img loading="lazy" decoding="async" width="150" height="150" src="https://sev.cl/wp-content/uploads/2025/05/Post-Endo-Worshop-Excalibur-PAG-2-150x150.png" class="attachment-thumbnail size-thumbnail wp-post-image" alt="" style="" /></div><a class="wp-block-latest-posts__post-title" href="https://sev.cl/index.php/2025/05/26/reunion-26-de-mayo/">Reunión 26 de Mayo</a><div class="wp-block-latest-posts__post-full-content"><!-- wp:paragraph -->
<p>El pasado <strong>26 de mayo</strong>, se llevó a cabo una nueva <strong>reunión mensual de la SEV</strong>, instancia que convocó a colegas y residentes para profundizar en las últimas innovaciones en la preparación de conductos radiculares. En esta ocasión, tuvimos el privilegio de contar con la participación del <strong>Dr. Pedro Alarcón</strong>, quien lideró el <strong>Workshop Zarc Excalibur</strong>.</p>
<!-- /wp:paragraph -->

<!-- wp:paragraph -->
<p>Durante la actividad, realizada en el centro SAVAL, el Dr. Alarcón compartió su experiencia clínica y fundamentos técnicos sobre el sistema <strong>Zarc Excalibur</strong>, un sistema de limas reciprocantes.</p>
<!-- /wp:paragraph -->

<!-- wp:paragraph -->
<p>La jornada incluyó una parte teórica y una demostración clínica, generando un espacio enriquecedor de aprendizaje e intercambio entre colegas. Además, agradecemos a <strong>CCDental</strong> por su auspicio y colaboración en la realización de este evento.</p>
<!-- /wp:paragraph --></div></li>
</ul>
