{"id":55,"date":"2025-05-28T21:44:31","date_gmt":"2025-05-28T21:44:31","guid":{"rendered":"https:\/\/sev.cl\/?page_id=55"},"modified":"2026-03-15T03:01:46","modified_gmt":"2026-03-15T03:01:46","slug":"mision-y-vision","status":"publish","type":"page","link":"https:\/\/sev.cl\/index.php\/mision-y-vision\/","title":{"rendered":"Misi\u00f3n y Visi\u00f3n"},"content":{"rendered":"<style>\n*,*::before,*::after{box-sizing:border-box;margin:0;padding:0;}\n.mv-header{padding-bottom:2rem;margin-bottom:2.5rem;border-bottom:2px solid #e0e0e0;max-width:800px;margin-left:auto;margin-right:auto;}\n.mv-name{font-size:1.5em;font-weight:700;line-height:1.2;margin-bottom:0.5rem;}\n.mv-subtitle{font-size:0.95em;color:#777;margin-bottom:1.75rem;}\n<\/style>\n\n<div class=\"mv-header\">\n  <div class=\"mv-name\">Misi\u00f3n y Visi\u00f3n<\/div>\n<\/div>\n\n\n<div class=\"wp-block-group alignfull has-global-padding is-layout-constrained wp-container-core-group-is-layout-d89aad35 wp-block-group-is-layout-constrained\" style=\"margin-top:0;margin-bottom:0;padding-top:var(--wp--preset--spacing--50);padding-right:var(--wp--preset--spacing--50);padding-bottom:var(--wp--preset--spacing--50);padding-left:var(--wp--preset--spacing--50)\">\n<div class=\"wp-block-group alignwide has-global-padding is-layout-constrained wp-container-core-group-is-layout-19e250f3 wp-block-group-is-layout-constrained\">\n<div style=\"height:var(--wp--preset--spacing--40)\" aria-hidden=\"true\" class=\"wp-block-spacer\"><\/div>\n\n\n<div class=\"wp-block-columns alignwide is-layout-flex wp-container-core-columns-is-layout-d1c656ed wp-block-columns-is-layout-flex\">\n<div class=\"wp-block-column is-vertically-aligned-center is-layout-flow wp-block-column-is-layout-flow\" style=\"flex-basis:40%\">\n<h3 class=\"wp-block-heading is-style-asterisk\">Misi\u00f3n<\/h3>\n\n\n<p>Ser una Sociedad Cient\u00edfica que agrupa y representa odont\u00f3logos generales y especialistas, buscando liderar en el desarrollo de la especialidad en sus aspectos t\u00e9cnicos, cient\u00edficos y gremiales. Fomentar la difusi\u00f3n y extensi\u00f3n de los avances y logros de nuestro campo, tanto a nivel nacional como internacional.<\/p>\n<\/div>\n\n\n<div class=\"wp-block-column is-layout-flow wp-block-column-is-layout-flow\" style=\"flex-basis:50%\">\n<figure class=\"wp-block-image size-large is-style-rounded is-style-rounded--1\"><img loading=\"lazy\" decoding=\"async\" width=\"1024\" height=\"768\" src=\"https:\/\/sev.cl\/wp-content\/uploads\/2025\/05\/489813091_17994778604792569_5093142868552425056_n-1024x768.jpeg\" alt=\"\" class=\"wp-image-60\" srcset=\"https:\/\/sev.cl\/wp-content\/uploads\/2025\/05\/489813091_17994778604792569_5093142868552425056_n-1024x768.jpeg 1024w, https:\/\/sev.cl\/wp-content\/uploads\/2025\/05\/489813091_17994778604792569_5093142868552425056_n-300x225.jpeg 300w, https:\/\/sev.cl\/wp-content\/uploads\/2025\/05\/489813091_17994778604792569_5093142868552425056_n-768x576.jpeg 768w, https:\/\/sev.cl\/wp-content\/uploads\/2025\/05\/489813091_17994778604792569_5093142868552425056_n.jpeg 1080w\" sizes=\"auto, (max-width: 1024px) 100vw, 1024px\" \/><\/figure>\n<\/div>\n<\/div>\n\n\n<div style=\"height:var(--wp--preset--spacing--40)\" aria-hidden=\"true\" class=\"wp-block-spacer\"><\/div>\n\n\n<div class=\"wp-block-columns alignwide is-layout-flex wp-container-core-columns-is-layout-d1c656ed wp-block-columns-is-layout-flex\">\n<div class=\"wp-block-column is-layout-flow wp-block-column-is-layout-flow\" style=\"flex-basis:50%\">\n<figure class=\"wp-block-image size-full is-style-rounded is-style-rounded--2\"><img loading=\"lazy\" decoding=\"async\" width=\"1024\" height=\"768\" src=\"https:\/\/sev.cl\/wp-content\/uploads\/2025\/05\/PHOTO-2024-08-12-23-08-19_8.jpg\" alt=\"\" class=\"wp-image-61\" srcset=\"https:\/\/sev.cl\/wp-content\/uploads\/2025\/05\/PHOTO-2024-08-12-23-08-19_8.jpg 1024w, https:\/\/sev.cl\/wp-content\/uploads\/2025\/05\/PHOTO-2024-08-12-23-08-19_8-300x225.jpg 300w, https:\/\/sev.cl\/wp-content\/uploads\/2025\/05\/PHOTO-2024-08-12-23-08-19_8-768x576.jpg 768w\" sizes=\"auto, (max-width: 1024px) 100vw, 1024px\" \/><\/figure>\n<\/div>\n\n\n<div class=\"wp-block-column is-vertically-aligned-center is-layout-flow wp-block-column-is-layout-flow\" style=\"flex-basis:40%\">\n<h3 class=\"wp-block-heading is-style-asterisk\">Visi\u00f3n<\/h3>\n\n\n<p>Ser una Organizaci\u00f3n Gremial referente de la especilidades de endodoncia en Chile, capaz de interrelacionarse con diversas disciplinas tanto del \u00e1rea de la salud, como fuera de esta.<\/p>\n<\/div>\n<\/div>\n<\/div>\n<\/div>\n","protected":false},"excerpt":{"rendered":"<p>Misi\u00f3n y Visi\u00f3n Misi\u00f3n Ser una Sociedad Cient\u00edfica que agrupa y representa odont\u00f3logos generales y especialistas, buscando liderar en el desarrollo de la especialidad en sus aspectos t\u00e9cnicos, cient\u00edficos y gremiales. Fomentar la difusi\u00f3n y extensi\u00f3n de los avances y logros de nuestro campo, tanto a nivel nacional como internacional. Visi\u00f3n Ser una Organizaci\u00f3n Gremial [&hellip;]<\/p>\n","protected":false},"author":1,"featured_media":0,"parent":0,"menu_order":0,"comment_status":"closed","ping_status":"closed","template":"","meta":{"_eb_attr":"","footnotes":""},"class_list":["post-55","page","type-page","status-publish","hentry"],"_links":{"self":[{"href":"https:\/\/sev.cl\/index.php\/wp-json\/wp\/v2\/pages\/55","targetHints":{"allow":["GET"]}}],"collection":[{"href":"https:\/\/sev.cl\/index.php\/wp-json\/wp\/v2\/pages"}],"about":[{"href":"https:\/\/sev.cl\/index.php\/wp-json\/wp\/v2\/types\/page"}],"author":[{"embeddable":true,"href":"https:\/\/sev.cl\/index.php\/wp-json\/wp\/v2\/users\/1"}],"replies":[{"embeddable":true,"href":"https:\/\/sev.cl\/index.php\/wp-json\/wp\/v2\/comments?post=55"}],"version-history":[{"count":11,"href":"https:\/\/sev.cl\/index.php\/wp-json\/wp\/v2\/pages\/55\/revisions"}],"predecessor-version":[{"id":466,"href":"https:\/\/sev.cl\/index.php\/wp-json\/wp\/v2\/pages\/55\/revisions\/466"}],"wp:attachment":[{"href":"https:\/\/sev.cl\/index.php\/wp-json\/wp\/v2\/media?parent=55"}],"curies":[{"name":"wp","href":"https:\/\/api.w.org\/{rel}","templated":true}]}}

Misión y Visión

<style>
*,*::before,*::after{box-sizing:border-box;margin:0;padding:0;}
.mv-header{padding-bottom:2rem;margin-bottom:2.5rem;border-bottom:2px solid #e0e0e0;max-width:800px;margin-left:auto;margin-right:auto;}
.mv-name{font-size:1.5em;font-weight:700;line-height:1.2;margin-bottom:0.5rem;}
.mv-subtitle{font-size:0.95em;color:#777;margin-bottom:1.75rem;}
</style>

<div class="mv-header">
  <div class="mv-name">Misión y Visión</div>
</div>


<div class="wp-block-group alignfull has-global-padding is-layout-constrained wp-container-core-group-is-layout-d89aad35 wp-block-group-is-layout-constrained" style="margin-top:0;margin-bottom:0;padding-top:var(--wp--preset--spacing--50);padding-right:var(--wp--preset--spacing--50);padding-bottom:var(--wp--preset--spacing--50);padding-left:var(--wp--preset--spacing--50)">
<div class="wp-block-group alignwide has-global-padding is-layout-constrained wp-container-core-group-is-layout-19e250f3 wp-block-group-is-layout-constrained">
<div style="height:var(--wp--preset--spacing--40)" aria-hidden="true" class="wp-block-spacer"></div>


<div class="wp-block-columns alignwide is-layout-flex wp-container-core-columns-is-layout-d1c656ed wp-block-columns-is-layout-flex">
<div class="wp-block-column is-vertically-aligned-center is-layout-flow wp-block-column-is-layout-flow" style="flex-basis:40%">
<h3 class="wp-block-heading is-style-asterisk">Misión</h3>


<p>Ser una Sociedad Científica que agrupa y representa odontólogos generales y especialistas, buscando liderar en el desarrollo de la especialidad en sus aspectos técnicos, científicos y gremiales. Fomentar la difusión y extensión de los avances y logros de nuestro campo, tanto a nivel nacional como internacional.</p>
</div>


<div class="wp-block-column is-layout-flow wp-block-column-is-layout-flow" style="flex-basis:50%">
<figure class="wp-block-image size-large is-style-rounded is-style-rounded--1"><img loading="lazy" decoding="async" width="1024" height="768" src="https://sev.cl/wp-content/uploads/2025/05/489813091_17994778604792569_5093142868552425056_n-1024x768.jpeg" alt="" class="wp-image-60" srcset="https://sev.cl/wp-content/uploads/2025/05/489813091_17994778604792569_5093142868552425056_n-1024x768.jpeg 1024w, https://sev.cl/wp-content/uploads/2025/05/489813091_17994778604792569_5093142868552425056_n-300x225.jpeg 300w, https://sev.cl/wp-content/uploads/2025/05/489813091_17994778604792569_5093142868552425056_n-768x576.jpeg 768w, https://sev.cl/wp-content/uploads/2025/05/489813091_17994778604792569_5093142868552425056_n.jpeg 1080w" sizes="auto, (max-width: 1024px) 100vw, 1024px" /></figure>
</div>
</div>


<div style="height:var(--wp--preset--spacing--40)" aria-hidden="true" class="wp-block-spacer"></div>


<div class="wp-block-columns alignwide is-layout-flex wp-container-core-columns-is-layout-d1c656ed wp-block-columns-is-layout-flex">
<div class="wp-block-column is-layout-flow wp-block-column-is-layout-flow" style="flex-basis:50%">
<figure class="wp-block-image size-full is-style-rounded is-style-rounded--2"><img loading="lazy" decoding="async" width="1024" height="768" src="https://sev.cl/wp-content/uploads/2025/05/PHOTO-2024-08-12-23-08-19_8.jpg" alt="" class="wp-image-61" srcset="https://sev.cl/wp-content/uploads/2025/05/PHOTO-2024-08-12-23-08-19_8.jpg 1024w, https://sev.cl/wp-content/uploads/2025/05/PHOTO-2024-08-12-23-08-19_8-300x225.jpg 300w, https://sev.cl/wp-content/uploads/2025/05/PHOTO-2024-08-12-23-08-19_8-768x576.jpg 768w" sizes="auto, (max-width: 1024px) 100vw, 1024px" /></figure>
</div>


<div class="wp-block-column is-vertically-aligned-center is-layout-flow wp-block-column-is-layout-flow" style="flex-basis:40%">
<h3 class="wp-block-heading is-style-asterisk">Visión</h3>


<p>Ser una Organización Gremial referente de la especilidades de endodoncia en Chile, capaz de interrelacionarse con diversas disciplinas tanto del área de la salud, como fuera de esta.</p>
</div>
</div>
</div>
</div>

<p>Misión y Visión Misión Ser una Sociedad Científica que agrupa y representa odontólogos generales y especialistas, buscando liderar en el desarrollo de la especialidad en sus aspectos técnicos, científicos y gremiales. Fomentar la difusión y extensión de los avances y logros de nuestro campo, tanto a nivel nacional como internacional. Visión Ser una Organización Gremial [&hellip;]</p>
